0010000010010 + 101?
11100110110010000010111
In base 11, what is -12 + 247a80?
247a69
In base 8, what is 3217 - 12071?
-6652
In base 5, what is -10220130 + -23223?
-10243403
In base 10, what is 2362 - 3973?
-1611
In base 2, what is 110110101101111011010001110 - 10?
110110101101111011010001100
In base 7, what is -32325313 - 23?
-32325336
In base 16, what is -5f93 - -9b8?
-55db
In base 14, what is 13133 + -41aa?
cd67
In base 9, what is -43 + 701776?
701733
In base 4, what is -1023 + 13012103330?
13012102301
In base 14, what is -2 - aba674?
-aba676
In base 6, what is -3 + 1204150023?
1204150020
In base 11, what is -821 + -57868?
-58589
In base 7, what is 140 - -444361?
444531
In base 9, what is 1547344 - 211?
1547133
In base 6, what is 523004 - -1555?
525003
In base 11, what is 11422a + 121?
114350
In base 15, what is -9696353 + -5?
-9696358
In base 10, what is -845 - -147814?
146969
In base 9, what is 6648517 + 8?
6648526
In base 5, what is -22122323244 + 40?
-22122323204
In base 10, what is -2628 + -50?
-2678
In base 9, what is 1315 - -3372?
4687
In base 14, what is -37c8a8 + 125?
-37c783
In base 11, what is -648166 - -59?
-648108
In base 9, what is -3651 - -13642?
8881
In base 5, what is 0 + 14320140244?
14320140244
In base 8, what is 110650147 + 4?
110650153
In base 4, what is 322 + -3330121230?
-3330120302
In base 15, what is -1ec1 + -576e?
-7740
In base 4, what is 22 - 1120031331212?
-1120031331130
In base 4, what is -3033123313 - 2?
-3033123321
In base 12, what is -842 - -141812?
140b90
In base 10, what is 6213 + 662?
6875
In base 2, what is 0 + 110001110111001100011?
110001110111001100011
In base 12, what is b1929 - 2b5?
b1634
In base 9, what is 6672047 + 12?
6672060
In base 10, what is 85960420 - -4?
85960424
In base 16, what is a7 - 2f640?
-2f599
In base 3, what is -12201 - 12201110012?
-12201122220
In base 13, what is 3654 + 15?
3669
In base 12, what is 2 - 7675865?
-7675863
In base 6, what is -23 + -34053333?
-34053400
In base 12, what is -125397 + -45?
-125420
In base 11, what is -157211 + 855?
-156467
In base 3, what is 1101202122011 - -201?
1101202122212
In base 15, what is 7207c + 152?
721ce
In base 5, what is 1 - 414234104?
-414234103
In base 11, what is -87 + -707918?
-7079a4
In base 4, what is 111 + 3022321232?
3022322003
In base 7, what is -315450 - 1636?
-320416
In base 13, what is -10368 - -77?
-102c1
In base 8, what is -351514 + 117?
-351375
In base 10, what is 5 + 112710?
112715
In base 13, what is 249 + -136c4?
-13478
In base 12, what is -3a1 + -11b5b?
-12340
In base 7, what is 3 + 33545646?
33545652
In base 11, what is 3290960 - 0?
3290960
In base 14, what is -12d6360 - 11?
-12d6371
In base 9, what is 5 - -4740778?
4740784
In base 2, what is 1101100001101111001111 - 1010?
1101100001101111000101
In base 9, what is 2 - 32623678?
-32623676
In base 2, what is -10111000011001111011001011001 + 0?
-10111000011001111011001011001
In base 11, what is 62186 + 1978?
64053
In base 9, what is 43888 - 73?
43815
In base 9, what is 4 + 62852105?
62852110
In base 12, what is 698931 + -5?
698928
In base 16, what is -5f7 - -56bf?
50c8
In base 5, what is -200411 + -2134004?
-2334420
In base 3, what is 120121021 - -22100022?
212221120
In base 13, what is 160 - a55a4?
-a5444
In base 5, what is -320334 - 24341?
-400230
In base 7, what is 24646 + -126?
24520
In base 11, what is -22 - 488048?
-48806a
In base 12, what is -70598 - 66?
-70642
In base 16, what is -2 + -191679c?
-191679e
In base 9, what is 3401718 - 21?
3401687
In base 6, what is -135000 + -11254?
-150254
In base 16, what is -12ff66 + -8?
-12ff6e
In base 2, what is -1001001110010010100 + 10?
-1001001110010010010
In base 6, what is 114155312 - 23?
114155245
In base 9, what is 47717 + 15481?
64308
In base 12, what is 52 + -775294?
-775242
In base 7, what is -3051 + -23445?
-26526
In base 2, what is 100 + -1000010010101011010101101?
-1000010010101011010101001
In base 11, what is 50a - -17947?
18356
In base 12, what is 161a33a + 5?
161a343
In base 16, what is 27b7c3c + -4?
27b7c38
In base 16, what is -a331 + a45?
-98ec
In base 4, what is -323220331122 + 10?
-323220331112
In base 3, what is -100220 - 2101020201?
-2101121121
In base 2, what is -100 - 100110000000100101001?
-100110000000100101101
In base 3, what is 222000 - -101020221?
102012221
In base 10, what is -1358583 + 5?
-1358578
In base 3, what is 1120021111 + 102212?
1120201100
In base 15, what is -2e29 - -26?
-2e03
In base 9, what is -5658565 - 3?
-5658568
In base 13, what is 32 + 73c991?
73c9c3
In base 13, what is b02a7b04 - 5?
b02a7acc
In base 3, what is 11211011210 - -100001?
11211111211
In base 12, what is -44968 - -7?
-44961
In base 3, what is -1011122 + -2011210120?
-2012222012
In base 16, what is -4 - -172950e?
172950a
In base 13, what is c2 - -1202b?
12120
In base 7, what is -1055401444 + 4?
-1055401440
In base 7, what is -1152114 - 310?
-1152424
In base 13, what is 13 - -60bb4?
60bc7
In base 15, what is -3e92 + 18?
-3e79
In base 15, what is -8 + -e521a?
-e5223
In base 8, what is -1425747173 - -2?
-1425747171
In base 8, what is -74 - 343175?
-343271
In base 8, what is -6 + 14423543?
14423535
In base 9, what is 1035274 + 84?
1035368
In base 7, what is 4 - -21106040?
21106044
In base 3, what is -1102 - -220002221000?
220002212121
In base 11, what is 1 + -1434079?
-1434078
In base 11, what is -103 - 130a5?
-131a8
In base 3, what is -1 - 1102022110002111?
-1102022110002112
In base 11, what is -171 - a5499?
-a565a
In base 7, what is -356 - -3566240?
3565551
In base 7, what is 254 - 5265254?
-5265000
In base 4, what is 30313330100 + 1102?
30313331202
In base 6, what is 331253 + -5032?
322221
In base 14, what is -8cac66 - 0?
-8cac66
In base 10, what is -11032908 + -1?
-11032909
In base 15, what is 1 - 58c397?
-58c396
In base 8, what is -2 + -1077541?
-1077543
In base 6, what is 30 - 123342543?
-123342513
In base 8, what is -5757027 - -26?
-5757001
In base 9, what is 3 - 2346436?
-2346433
In base 2, what is 11000001110110110100010 + -11100?
11000001110110110000110
In base 9, what is -1638 + 40350?
37611
In base 2, what is 1111111110110 + 1000110?
10000000111100
In base 16, what is -365 - -40f5?
3d90
In base 3, what is -11 - -1100101120220?
1100101120202
In base 6, what is 1543 - 340510?
-334523
In base 3, what is -2100011021 - -111220001?
-1211021020
In base 13, what is -104a3b93 + 5?
-104a3b8b
In base 13, what is 3271 + 531ac?
56450
In base 15, what is -5 + -484e34?
-484e39
In base 4, what is -1221031 + 2020?
-1213011
In base 8, what is 6462 + -71452?
-62770
In base 7, what is -406564 + 420?
-406144
In base 6, what is 420132 - -150?
420322
In base 8, what is -10776 + 2032?
-6744
In base 10, what is 94 - -26790?
26884
In base 15, what is -d - 8b49e?
-8b4ac
In base 4, what is 33203320 - 2323031?
30220223
In base 3, what is -11111210 + 1020101?
-10021102
In base 6, what is -1050223 - 14200?
-1104423
In base 9, what is 3801071 + -24?
3801046
In base 14, what is 4225541 + -1?
4225540
In base 3, what is 10212222020111 + -10020?
10212222010021
In base 2, what is 10001 + 101011010000111100?
101011010001001101
In base 9, what is 6 - 288138?
-288132
In base 15, what is 3 - -19650dd?
19650e1
In base 6, what is 113231543 + -1332?
113230211
In base 3, what is -2011211210202 + -1?
-2011211210210
In base 4, what is -2003012120 - 101231?
-2003120011
In base 5, what is -4 - -31332312434?
31332312430
In base 10, what is -4 + -77651663?
-77651667
In base 15, what is -5d86 - -60?
-5d26
In base 8, what is 4 + -23714320?
-23714314
In base 6, what is -122403 - -1455120?
1332313
In base 15, what is 1ede20 + 37?
1ede57
In base 10, what is -32 - 305639?
-305671
In base 16, what is 6 - -16a25ee?
16a25f4
In base 9, what is 5 + 582727?
582733
In base 16, what is 6a + 239d?
2407
In base 15, what is -5e + 17443d9?
174437a
In base 14, what is 23152b93 + 4?
23152b97
In base 6, what is -5213453 + -452?
-5214345
In base 6, what is 32402525 - 42?
32402443
In base 15, what is -9670 + ebc?
-86a3
In base 15, what is 8 - 15e9dab?
-15e9da3
In base 14, what is -21d - 3d910?
-3db2d
In base 12, what is -88 - 16a2a?
-16ab6
In base 3, what is 0 + -20200101000100110?
-20200101000100110
In base 9, what is 5 - -73171036?
73171042
In base 6, what is 5 + -42434501?
-42434452